
False
Is 98281 a composite number?
True
Is 9383 a prime number?
False
Is 62431 prime?
False
Is 1645629 composite?
True
Is 139247 prime?
False
Is 2798 a prime number?
False
Is 5581 a prime number?
True
Is 1717 a composite number?
True
Is 2179 a prime number?
True
Is 196247 composite?
False
Is 9097 a composite number?
True
Is 529 composite?
True
Is 55291 prime?
True
Is 1112603 a prime number?
False
Is 15469 composite?
True
Is 102293 composite?
False
Is 22822 composite?
True
Is 3492955 a composite number?
True
Is 12061 composite?
True
Is 221197 prime?
True
Is 61829 a prime number?
False
Is 37423 prime?
True
Is 945863 a composite number?
True
Is 252139 prime?
True
Is 1217 composite?
False
Is 67511 composite?
False
Is 98789 a prime number?
False
Is 1315 a composite number?
True
Is 42215 a composite number?
True
Is 183003 prime?
False
Is 9221 a prime number?
True
Is 3271 prime?
True
Is 150041 a prime number?
True
Is 286183 prime?
False
Is 7271 composite?
True
Is 709957 prime?
True
Is 42379 a composite number?
False
Is 3409 composite?
True
Is 594129 prime?
False
Is 64399 a composite number?
False
Is 2691985 a prime number?
False
Is 5923 a prime number?
True
Is 30389 composite?
False
Is 66221 composite?
False
Is 456349 prime?
True
Is 83633 composite?
True
Is 474343 composite?
False
Is 6028049 a prime number?
True
Is 37747 a prime number?
True
Is 1053453 composite?
True
Is 2203 composite?
False
Is 17657 a prime number?
True
Is 3766877 a composite number?
True
Is 121939 a prime number?
False
Is 35813 a prime number?
False
Is 1155761 prime?
False
Is 3377 prime?
False
Is 72461 composite?
False
Is 2067269 prime?
True
Is 64613 a composite number?
False
Is 59439 prime?
False
Is 526033 composite?
True
Is 4682 composite?
True
Is 994195 a prime number?
False
Is 35797 a prime number?
True
Is 2161 prime?
True
Is 90347 prime?
False
Is 147055 composite?
True
Is 9014 a composite number?
True
Is 187459 prime?
False
Is 1283 a composite number?
False
Is 19907 composite?
True
Is 83015 a prime number?
False
Is 11659 a composite number?
True
Is 699 a prime number?
False
Is 285599 a composite number?
False
Is 12461 composite?
True
Is 4583 a prime number?
True
Is 27029 composite?
True
Is 17021 a prime number?
True
Is 1007957 prime?
True
Is 11969 a prime number?
True
Is 981979 a prime number?
True
Is 213706 a composite number?
True
Is 151237 composite?
False
Is 673 a composite number?
False
Is 161167 composite?
False
Is 613 composite?
False
Is 267517 a composite number?
False
Is 163159 prime?
False
Is 46823 composite?
True
Is 1731163 prime?
False
Is 18979 composite?
False
Is 22315 a prime number?
False
Is 611257 a prime number?
True
Is 244849 a prime number?
False
Is 110017 prime?
True
Is 3161117 prime?
False
Is 2719 prime?
True
Is 141539 prime?
True
Is 3001771 a prime number?
False
Is 6857 prime?
True
Is 378055 a prime number?
False
Is 4421 prime?
True
Is 48799 composite?
False
Is 3758221 prime?
True
Is 425801 composite?
False
Is 94981 a prime number?
False
Is 4385 composite?
True
Is 2435 a composite number?
True
Is 13831 prime?
True
Is 1833571 prime?
True
Is 2667167 a composite number?
False
Is 3787 prime?
False
Is 2719 a prime number?
True
Is 105073 composite?
True
Is 41803 a composite number?
True
Is 446763 prime?
False
Is 368083 a prime number?
True
Is 632557 a composite number?
False
Is 481433 prime?
True
Is 118709 prime?
True
Is 373559 a composite number?
True
Is 122977 prime?
False
Is 4321 prime?
False
Is 580166 composite?
True
Is 7451 a composite number?
False
Is 48131 composite?
False
Is 2879 a composite number?
False
Is 115033 a prime number?
False
Is 2243882 a composite number?
True
Is 340523 a composite number?
True
Is 112621 a prime number?
True
Is 1117 prime?
True
Is 419 composite?
False
Is 44069 composite?
True
Is 1453091 composite?
False
Is 47041 a composite number?
False
Is 21419 composite?
False
Is 2463 composite?
True
Is 2933 a composite number?
True
Is 1233739 composite?
True
Is 10063 a composite number?
True
Is 109 a composite number?
False
Is 1136629 a composite number?
True
Is 32117 a prime number?
True
Is 19523 a prime number?
False
Is 18206 a prime number?
False
Is 93473 composite?
True
Is 8491 a prime number?
False
Is 3397 a composite number?
True
Is 85793 prime?
True
Is 342487 prime?
False
Is 346151 a composite number?
True
Is 4573 prime?
False
Is 4211 composite?
False
Is 77629 a composite number?
True
Is 159287 a prime number?
True
Is 1677239 a prime number?
False
Is 109097 a prime number?
True
Is 32629 a composite number?
True
Is 14961 a composite number?
True
Is 138053 a prime number?
True
Is 11777 a composite number?
False
Is 92527 prime?
False
Is 125761 prime?
False
Is 86503 a composite number?
True
Is 13235 a composite number?
True
Is 4847 a composite number?
True
Is 588229 prime?
True
Is 4909 a prime number?
True
Is 226805 prime?
False
Is 211795 a prime number?
False
Is 441349 prime?
True
Is 13577 a prime number?
True
Is 587065 composite?
True
Is 55139 a composite number?
True
Is 39917 a prime number?
False
Is 2521 composite?
False
Is 2174 composite?
True
Is 39553 composite?
True
Is 172969 prime?
True
Is 72911 a prime number?
True
Is 9865 a prime number?
False
Is 167387 a prime number?
False
Is 75694 prime?
False
Is 10831 prime?
True
Is 111577 a composite number?
False
Is 8399 a composite number?
True
Is 133973 prime?
False
Is 1151 a prime number?
True
Is 23809 composite?
True
Is 4265 a composite number?
True
Is 25021 a prime number?
False
Is 20927 composite?
True
Is 38797 composite?
True
Is 4861 composite?
False
Is 17441 prime?
False
Is 73709 a composite number?
False
Is 24151 a prime number?
True
Is 5779 prime?
True
Is 1442401 prime?
False
Is 3066377 composite?
False
Is 10405 prime?
False
Is 200063 prime?
True
Is 14503 a composite number?
False
Is 31177 composite?
False
Is 7517 composite?
False
Is 5701 composite?
False
Is 759481 composite?
True
Is 235483 a prime number?
True
Is 3187481 a prime number?
False
Is 126541 a composite number?
False
Is 19797 prime?
False
Is 1115599 a prime number?
True
Is 787 a composite number?
False
Is 1184609 a composite number?
False
Is 700301 a composite number?
True
Is 1470745 composite?
True
Is 85991 a composite number?
False
Is 32363 a composite number?
False
Is 16843 a composite number?
False
Is 184381 composite?
True
Is 118 composite?
True
Is 63241 composite?
False
Is 1112093 prime?
True
Is 304187 a composite number?
True
Is 107518 a prime number?
False
Is 1381 composite?
False
Is 90469 composite?
False
Is 62026 composite?
True
Is 979 prime?
False
Is 18041 a prime number?
True
Is 69229 composite?
True
Is 24889 a prime number?
True
Is 23479 a prime number?
False
Is 3857839 prime?
True
Is 20959 composite?
False
Is 741401 composite?
False
Is 780391 composite?
True
Is 8997 a prime number?
False
Is 871979 prime?
False
Is 1119523 a prime number?
True
Is 37039 composite?
False
Is 1100018 composite?
True
Is 46523 composite?
False
Is 1259 a composite number?
False
Is 694781 a prime number?
True
Is 259669 composite?
True
Is 60959 a prime number?
False
Is 59739 prime?
False
Is 8093 a prime number?
True
Is 6635 prime?
False
Is 729449 composite?
True
Is 958 prime?
False
Is 158 composite?
True
Is 73981 prime?
False
Is 4831 a composite number?
False
Is 76763 a prime number?
False
Is 10133 a prime number?
True
Is 4633 a prime number?
False
Is 200843 prime?
True
Is 86057 composite?
True
Is 787 composite?
False
Is 3629 a prime number?
False
Is 13639 composite?
True
Is 56611 prime?
True
Is 59771 a composite number?
False
Is 265 a composite number?
True
Is 1187 a composite number?
False
Is 33923 prime?
True
Is 142867 composite?
False
Is 1005247 prime?
False
Is 307891 a prime number?
True
Is 65789 a composite number?
False
Is 51971 prime?
True
Is 140314 prime?
False
Is 1283591 a prime number?
True
Is 362819 prime?
False
Is 29059 composite?
False
Is 211 composite?
False
Is 39197 a composite number?
True
Is 20477 prime?
True
Is 418427 composite?
False
Is 223 composite?
False
Is 53347 a prime number?
False
Is 58271 a prime number?
True
Is 17231 a prime number?
True
Is 11611 a prime number?
False
Is 1491415 a composite number?
True
Is 233735 composite?
True
Is 263 a composite number?
False
Is 103097 prime?
False
Is 66382